uppose 3867 = 5*b - 4*r, -b - 3*r + 281 = -500. Calculate the highest common divisor of b and 425.
25
Let w = -1 - -4. Suppose 0 = -w*b - b + 152. Let j = -1279 + 1336. Calculate the highest common divisor of b and j.
19
Suppose 12*l - 16*l = 28*l - 1856. Calculate the highest common divisor of l and 11803.
29
Let u be 10/(-25) + (-22)/(-5). Suppose 1118 = -u*a - s - s, 2*s = -6. Let t = a + 578. Calculate the greatest common divisor of t and 12.
12
Suppose 34*n = 25*n + 162. Suppose -n*j + 3751 = -7*j. What is the greatest common divisor of j and 31?
31
Suppose 0 = 17*w - 12*w + 5*y + 2440, 3*w + 1464 = y. Let r = w + 523. Calculate the highest common divisor of 91 and r.
7
Suppose 2*t - r - 51 = t, t - 45 = -r. Let w be (18/12)/((-9)/t). Let p = w + 17. Calculate the highest common factor of p and 81.
9
Suppose 6*x = 7*x - 8. Let r be ((-60)/21)/(((-120)/105)/8). What is the highest common divisor of r and x?
4
Let y = -262 - -345. Let i = y + -59. Calculate the greatest common divisor of i and 18.
6
Let f be (-29 + -1)/((-82)/861). Calculate the greatest common factor of f and 91.
7
Let q(m) = 84*m - 4451. Let x be q(54). Calculate the greatest common divisor of 25 and x.
5
Let o be (1 + (-74)/(-6))/(5/75). Suppose -203 = -11*n + 72. Calculate the greatest common divisor of o and n.
25
Let k(t) = -17*t**2 + 17*t - 70. Let m(l) = -21*l**2 + 16*l - 70. Let u(y) = -5*k(y) + 4*m(y). Let q be u(0). Calculate the highest common divisor of q and 35.
35
Let v(t) = t**2 + 8*t - 30. Let o be v(-11). Let r = -18 - -22. Suppose 9 = r*y - y. Calculate the highest common divisor of o and y.
3
Let q be 54 + (1 - (-4 - -11 - 5)). Suppose -q*z = -60*z + 644. What is the highest common factor of z and 161?
23
Suppose 0*x - 9 = -3*x. Let k be 6/10*(-300)/(-90). Suppose -2*z - 4 = 5*w - 21, -k*z + 4*w + 62 = 0. Calculate the highest common divisor of x and z.
3
Let b(a) = 3*a + 9. Let m be b(-1). Let n be 0 - (-6)/m*91. Calculate the highest common divisor of 13 and n.
13
Suppose 5*r - 3*o - 57243 = 0, -5 = 25*o - 20*o. What is the highest common divisor of 72 and r?
72
Let a be (9*25/60)/(3/16). Let n = -20 + 21. Let k be (2/6 - n)/(8/(-2640)). Calculate the highest common divisor of k and a.
20
Let r = -2929 + 2947. What is the highest common factor of 846 and r?
18
Let s = 49102 + -22688. Calculate the highest common divisor of s and 94.
94
Let k be ((-188)/12)/(13/(-39)). Suppose -k*w + 525 = -42*w. Calculate the greatest common factor of w and 45.
15
Let b = 3 - -4. Suppose -b*n + 22*n - 5160 = 0. Let q = 58 - 15. Calculate the greatest common factor of q and n.
43
Let f(a) = -226*a + 9058. Let p be f(37). What is the highest common divisor of p and 240?
24
Suppose -3*d = -192 - 3. Suppose -75*h - 253*h = 213*h - 2705. What is the highest common divisor of h and d?
5
Let r be (12/(-10))/((-9)/30). Suppose 2*d = 2*z + z - 64, r*z = -d + 67. What is the greatest common divisor of 27 and z?
9
Let t(p) = -17*p**2 - 7*p + 6. Let a be t(5). Let k = 641 + a. Suppose 4*i + 2*v - 287 = -231, -5*i = 4*v - 79. Calculate the highest common factor of k and i.
11
Suppose -4*y - 761*q + 5488 = -765*q, -2*q = -12. What is the greatest common divisor of 106 and y?
106
Suppose -3*b + 59 = 2*x, 2*b + 8 = 2*x + 34. Let j = 19 - b. Suppose -j*m + 3*m - 10 = 0. What is the highest common factor of 2 and m?
2
Let v be ((-1)/(-3) - 160/30)*-22. Suppose 0 = 2*a - 2*p - v, 3*a - 141 = 5*p - 8*p. Calculate the greatest common divisor of a and 408.
51
Let n = -3 + 12. Suppose 2 = m, -4*i + 1740 = m - 934. Let g = 704 - i. Calculate the highest common factor of n and g.
9
Let u be 6/4 - (-124)/8. Let d be (-24)/(-4)*(5/(-3) + 2). Let i be 48 + ((-21)/(-14))/(d/4). Calculate the greatest common divisor of i and u.
17
Let d be (1326/(-4))/((-621)/828). What is the greatest common divisor of 52 and d?
26
Suppose 0 = 8*u - 784 + 320. Suppose -u = -25*z - 8. Calculate the highest common divisor of 4 and z.
2
Suppose -20*w + 797 = -243. What is the greatest common divisor of 130 and w?
26
Suppose -7*l = -1954 - 2239. Suppose 17*q - 710 = l. Suppose -33 = -4*y + 11. What is the highest common divisor of y and q?
11
Let j(t) = t**2 - 10*t + 45. Let x = 27 + -9. Let l be j(x). Calculate the greatest common factor of 27 and l.
27
Suppose -4*w + 24 = 0, 3*w - 196 = -j + 177. Calculate the highest common divisor of 11715 and j.
355
Let q = 20 + -5. Let u be 478/4 - (155/10)/(-31). Calculate the highest common factor of u and q.
15
Suppose -r + 5*r = 448. Let x = 1251 + -1203. What is the highest common factor of r and x?
16
Let m = -8924 + 9132. Calculate the greatest common divisor of m and 1573.
13
Let o(b) = 21*b**2 + 43*b + 7. Let q be o(-5). Let k = 735 - q. What is the highest common factor of k and 38?
38
Let v = 7 - -18. Let f = 68 - v. Suppose -f - 33 = -2*l. Calculate the highest common factor of 95 and l.
19
Suppose -3*f = -0*p + p - 174, -5*f + 5*p + 330 = 0. Calculate the highest common divisor of f and 84.
12
Suppose -4*z - 5*a - 2 = -19, 3*a - 3 = 0. Suppose 2*r = -z*n + 104, 2*r - 5*r + 175 = -5*n. Let k = -50 + r. Calculate the highest common factor of 5 and k.
5
Suppose 4816 = 498*q - 491*q. Suppose 3*y - 4*w = 92, -3*y + 0*y - 3*w = -99. Calculate the greatest common divisor of y and q.
16
Let b(u) = u**3 + 3*u**2 + 6*u - 8. Let p be b(4). Suppose n + 6 = 4*a, -5*a - 5*n + 17 = -3. Calculate the greatest common factor of p and a.
2
Let h = -40 + 37. Let q be ((-16)/10)/((-80)/25 - h). Let x be (2 + q/(-10))/(24/80). What is the greatest common divisor of 12 and x?
4
Suppose 0*s + 4*i = s + 262, -5*i = -5*s - 1325. Let t = -176 - s. Calculate the greatest common divisor of t and 126.
18
Let c = -52 + 55. Suppose 3 - 6 = 3*l, -c*p = -4*l - 1060. Calculate the greatest common divisor of p and 11.
11
Let u(c) = -5*c**2 + 385*c - 35. Let j be u(75). Calculate the greatest common factor of j and 585.
65
Let i = -255 + 360. Let y(d) = -d**3 + 15*d**2 - 14*d + 23. Let j be y(14). Suppose 2*g - 19 = j. Calculate the greatest common factor of i and g.
21
Suppose 0 = 28*j - 29*j - 5*p + 486, -1047 = -2*j + 5*p. Calculate the greatest common factor of j and 2993.
73
Let x = 6050 + -6015. Let i(c) = 2*c**2 + 7*c - 3. Let s be i(-6). Let t be 947/9 + (-6)/s. What is the highest common factor of x and t?
35
Suppose 0 = -2*f - 3*x + 4 + 3, f - 2*x + 14 = 0. Let s be 5*f/8*-14. Suppose 40*g = s*g + 10. What is the highest common factor of g and 44?
2
Let n be (3/(-2)*22)/1. Let h = n + 40. Let i = h + 36. What is the greatest common factor of 129 and i?
43
Let b be (212/24)/((-10)/(-1140)). Let u = b - 917. What is the highest common divisor of 40 and u?
10
Let h(d) = -d**3 - 14*d**2 - 43*d - 600. Let g be h(-16). What is the greatest common divisor of g and 1950?
150
Suppose -5*v + 0*h - 214 = 3*h, 2*v + 85 = -h. Let n = v - -56. Let s(a) = a**3 - 5*a**2 + 6. Let l be s(5). What is the highest common divisor of n and l?
3
Let w(s) = -s**3 - 10*s**2 - 4*s + 5. Let i be w(-10). Calculate the greatest common divisor of i and 48.
3
Let m(x) = 12*x**3 - x**2 + 2*x - 1. Let j be m(1). Let q = 31167 - 31159. Calculate the highest common factor of q and j.
4
Let j(w) = -3*w - 26. Let h be j(-9). Let b be 25*(15 + -11) - 4*h. What is the greatest common factor of b and 30?
6
Let y be (-9)/6*(-1520)/30. Suppose 2*s - y = 34. What is the greatest common factor of 220 and s?
55
Let i(l) = -91*l + 2013. Let n be i(15). What is the greatest common factor of n and 96?
24
Let h(w) = 2*w**2 - 21*w - 11. Let o be h(10). Let y(m) = -m**2 - 27*m - 110. Let q be y(o). What is the greatest common divisor of 68 and q?
4
Let r be (-10968)/(-36) - (-2)/(-3). Let j = r - 174. Calculate the greatest common divisor of 78 and j.
26
Suppose -73*h + 15659 = 7655 - 7326. What is the highest common factor of h and 30?
30
Let s = 17142 - 17134. Calculate the greatest common factor of s and 1532.
4
Suppose -4*c + 310 = 2*b - 424, -3*b - c + 1091 = 0. Let z = 374 - b. What is the greatest common factor of 55 and z?
11
Suppose 4*h + 2*i - 4*i - 6 = 0, -3 = 3*h - 4*i. Suppose -5*q = -v - q + 21, h*v = -3*q + 18. What is the greatest common divisor of 99 and v?
9
Let d(f) = 340*f**2 - 105*f + 6. Let w be d(3). What is the gre